 11) + 20
3
Evaluate 7 - -2 - ((8 - 8) + -8 + 8).
9
What is 6 - (4 + -2 + 12 + 7 + -7)?
-8
Calculate -240 + 255 + (-31 - (-5 - -4)).
-15
What is the value of 14 + (-7 - 1 - (42 - -1))?
-37
Evaluate 54 - 106 - (-1 - 37).
-14
Calculate (12 - -3) + (-7 - 7).
1
Evaluate (8 - 12) + (2 - -6).
4
What is -3 - (-3 - (11 + -13))?
-2
(0 - 3) + 1 - 1
-3
Calculate 14 + -2 + (-1 - -21) + (-56 - -46).
22
Calculate 11 - 6 - (30 - 17).
-8
Calculate 40 + -15 - (29 + -12).
8
What is the value of -1 - ((5 + -7 - -11) + -9)?
-1
Evaluate -12 - (27 - (-15 - -54)).
0
What is (-38 - -15) + (8 - 5)?
-20
What is (-26 - 3) + 25 - (10 + 0)?
-14
What is the value of -1 + (-4 - -7 - -7 - (-2 - 2))?
13
Calculate -20 - -6 - -7 - -10.
3
Calculate -1 + -5 + -43 + (-48 - -103).
6
Evaluate -24 - -2 - -43 - (5 - 0).
16
What is (43 + -17 - 25) + 20?
21
Evaluate 18 - 22 - (-27 - (2 + 0)).
25
Calculate (18 - (2 - -4) - (13 - 3)) + 0.
2
What is -5 - ((-1 - 6) + (-3 - (-4 + -2)))?
-1
-4 - 3 - (3 - ((2 - -12) + -4))
0
1 + 1 + (-43 + 13 - -30)
2
Calculate -8 - (-1 + 1 + 63 + -64).
-7
Evaluate 8 - (0 + 14 - 11) - 6.
-1
-2 + -237 + 241 + 8 + -1
9
What is 12 - -1 - 18 - -15?
10
Evaluate (2 + -1 - (20 + -11)) + (2 - 8).
-14
Calculate 5 - ((-5 - (-19 + 7)) + -9) - 16.
-9
-16 + (1 - 1) - (137 - 140)
-13
-4 - (17 - -3 - 13)
-11
What is the value of (10 - 6) + (-2 - 0 - (-16 + 19))?
-1
Evaluate (-1 - (5 - 4)) + 6 + -7.
-3
3 - -18 - (-129 - -140)
10
Calculate -1 + (1 + 4 - 6) - (6 + -4).
-4
What is the value of -3 + (10 - 1) + (179 - 178)?
7
Calculate -11 + 7 + 3 + 11 + -4.
6
Evaluate 19 + -13 - 4 - 23.
-21
What is the value of 89 + -90 + 8 + -1?
6
What is 7 + -2 + (16 - 4) + -30 + 12?
-1
What is -12 + (-10 - -20) - (-2 + 1 - 4)?
3
What is the value of -10 + 21 + -9 + (0 - (13 - 1))?
-10
22 + 7 + (-33 - -18)
14
Calculate (1 - -7) + (-25 + 27 - 4).
6
0 - 12 - (41 + -45)
-8
Evaluate 305 + -285 + (0 + 6 - 4 - 2).
20
11 - (-14 - -26) - -11
10
4 - (6 - (-7 + 5 + 7 - 3))
0
Calculate -7 + (8 + 0 + 0 - 12).
-11
Evaluate -2 + 12 + (-27 - -11) + -1.
-7
Evaluate -3 + 7 + 2 + -167 + 173.
12
3 - -2 - 3 - 25
-23
Evaluate -8 + 4 + -9 - -10.
-3
(5 - 7 - -1) + (0 - (2 - 13))
10
-4 - (9 + 6 - (6 + 2 + 0))
-11
(3 - (-5 - -20)) + (-15 - -31)
4
What is -8 + -5 + 45 + -18?
14
What is 0 + 5 + -14 + 10 + (-16 - -8)?
-7
What is the value of -2 + -11 - (-4 - (3 - 4))?
-10
(-8 - 0 - (42 - 45)) + 8
3
What is (10 - (4 - (8 - (8 + -2)))) + -3?
5
-27 + (7 - (2 + -5 + -1))
-16
Calculate -35 + (58 - 9) + 1 + -11.
4
What is the value of 11 + 23 + -28 + (0 - -16)?
22
What is (-7 - (-19 - -4)) + (30 - 29)?
9
Evaluate (19 - (-11 + 13)) + -3 + 2.
16
Calculate -2 + -1 + (-12 - -6) + 8.
-1
Calculate -7 - (4 + (9 - 11)) - -22.
13
(-3 - -13 - 22) + 14
2
33 + (7 - 27 - 2)
11
Evaluate (3 - -24) + -37 - (-1 - -5).
-14
What is the value of -10 + -4 + -8 + 7?
-15
What is the value of -3 + (-7 - (-8 + 4))?
-6
Calculate -2 + (5 - 3) + (9 - -3) + -8.
4
What is (-3 + -1 - (16 - 20 - 3)) + 7?
10
Calculate -38 + -5 - (-158 + 127).
-12
-10 - (-5 + (27 - 11) - 20)
-1
What is -25 - (6 + -25) - (-4 + 15)?
-17
What is the value of (8 - 6) + -6 + 0?
-4
What is the value of -3 + ((2 - 1) + 6 - (117 - 114))?
1
What is (-16 - -13) + 15 - 13?
-1
What is the value of 29 - (-4 + 30) - (1 + -12)?
14
Calculate -5 + -1 - (-10 + -10 - -15).
-1
Evaluate -1 - (-12 + -11 + -1 + -4).
27
7 + 17 + (15 - 42)
-3
4 - 32 - (57 + -81)
-4
Evaluate 0 + (-6 - 4) + (26 - 6).
10
What is the value of -5 - (-11 + -4 - -10) - 2?
-2
What is the value of -111 - -123 - (-6 + 0)?
18
Evaluate -5 + -1 + 5 - (-18 + (15 - 29)).
31
Calculate -20 + -12 - -16 - -34.
18
Evaluate -3 + (2 - -10) + (-629 - -639).
19
Evaluate (-3 + 9 - 18) + -5.
-17
What is the value of 3 + (13 - 1 - (23 + 8)) + 6?
-10
What is the value of 11 + (2 + 12 - 27)?
-2
Evaluate (-1 - -6) + -7 + (-74 - -49).
-27
24 - (63 + -23) - -16 - (-1 + -7)
8
What is the value of 1 - 19 - (44 - 44) - (-9 + 9)?
-18
What is the value of -36 - (-57 + -13 - -40)?
-6
What is -247 + 205 - (1 - 43)?
0
Calculate 6 + -4 + (5 - (8 - 3) - -9).
11
What is -8 + 3 - (-9 - (-7 + 6))?
3
-9 - (5 - (15 + -3 + 11 - 9))
0
(14 - 17 - -37) + -10 + 15 + -8
31
What is the value of -4 + (7 - 12 - -17)?
8
What is (0 + -16 - -10) + -8 - -45?
31
What is the value of 33 + -15 + 6 + 2 + 5 + -10?
21
Calculate -13 - (-6 - -3 - (14 - (26 - 1))).
-21
What is -5 - (4 - (15 + -8)) - -9?
7
Evaluate (-262 - -235) + (5 - 12).
-34
What is the value of 14 + 9 + 61 + -86?
-2
What is -224 + 237 + -9 + 1?
5
Calculate 33 + -17 + -1 - 2.
13
Calculate (-3 - (-1 + (16 - 11))) + 0.
-7
-14 - (18 - (2 + (14 - 9) - -1))
-24
What is 4 + -13 + 10 + -2?
-1
What is the value of -1 - (1 - 16) - (51 + (-74 - -31))?
6
Evaluate 71 + -47 + 7 + -38.
-7
What is 1 + -19 + 0 + 9 + 34 + 1?
26
What is -38 + (-19 - (24 + -67))?
-14
Evaluate -5 + 0 - (-40 + 26).
9
What is (-7 - (-14 + 1)) + -3?
3
What is the value of -12 - (6 + -15) - 5?
-8
What is the value of (-14 - (3 - 10)) + 3 + 2?
-2
What is (7 - 0) + 0 + -9?
-2
Evaluate 14 + (12 - (17 - -4)).
5
Calculate 6 + (-16 - -1) - (1 + -3).
-7
1 + 15 + -73 + (6 - -78)
27
Calculate (-25 - 8) + 55 + -19.
3
What is the value of 19 + 4 + (-4 - (-10 - 7) - 23)?
13
Calculate 30 + (-88 - -65) + (-1 - -17).
23
What is the value of (-32 - (-7 - 12)) + 6?
-7
What is 11 - (37 + (-12 - 47))?
33
What is -11 - (-4 + -24 - (-2 - -4))?
19
What is 6 + 26 + -21 + 14 + (0 - 0)?
25
What is (83 - 66) + (-2 - 17)?
-2
What is -4 - 1 - (2 + -2 + (-5 - -8))?
-8
Evaluate -17 - 12 - -56 - 41.
-14
What is 27 - (22 + -9 + 6)?
8
Evaluate 2 - (-11 - (-16 - (-6 + 0))).
3
Calculate -3 + (9 - 9) + (-18 - -14) + 2.
-5
2 + 25 - (-26 + 36 + -4)
21
What is 9 - -1 - (2 - (-3 - (10 - 11)))?
6
-26 + 0 + (-19 + 16 - (7 - 1))
-35
Calculate -11 + -10 + (-6 - (0 + -11)).
-16
What is -20 + -3 + (1 - -31)?
9
What is (-3 - (-15 + 14)) + -28 + 10?
-20
What is -9 - -18 - ((-1 - 1) + (3 - 7))?
15
4 + (-10 - (9 - 24) - -6)
15
What is the value of (15 - (-5 - -1)) + -7?
12
What is the value of (-55 - (-162 + 92)) + 1 + -9?
7
Evaluate 28 - (9 - 10 - -63).
-34
-11 + (35 - 24 - (-3 + -2 - 3))
8
8 + 1 + (-6 + -3 - (-14 + 8))
6
(9 - 9) + 6 - (9 + 17 + -9)
-11
Calculate 8 + -17 + (24 - 2).
13
What is the value of 45 - (-21 - -11) - 21?
34
Evaluate -2 + 2 + -14 + 1 + 7 + -4.
-10
What is 5 + (0 + -1 + -1 - 7) + -4?
-8
-16 + 21 + (-2 - -2) + 4 + -7
2
What is -1 - -1 - (-196 - -192)?
4
0 + 1 - (-15 - (16 + -25 + 8))
15
1 + -9 - ((-26 + 10 - -36) + -11)
-17
What is the value of -1 + -7 + (5 - -6 - -1 - 9)?
-5
What is the value of 2 - (-9 + 9 + 0)?
2
What is (-7 + 10 - (9 - 3)) + (-5 - 1)?
-9
What is the value of 27 + -24 - (-7 + 7 - 3)?
6
Calculate 1 - (8 + -5 + 12).
-14
What is the value of (-19 - 2) + 24 - (15 + -1 + 2)?
-13
What is (1 - -12) + (-12 - -5) - 20?
-14
-10 + 1 - -7 - (11 + -1)
-12
(-21 - (-38 - -27)) + 30
20
Calculate -1 + -3 + 3 - 3.
-4
What is the value of -50 + 6 + (0 - (17 + -29))?
-32
(25 + -13 - 10) + 11
13
What is -7 - (-9 + 21 + 2) - -1?
-20
Evaluate (-25 - -6) + 33 + -14.
0
What is the value of -5 - (-24 + 37) - (-28 + 3)?
7
What is the value of (9 + 5 - 13) + -6 + 3?
-2
What is the value of 0 + (1 + 0 - (-11 - (-4 - 8)))?
0
Calculate (16 - 5) + (-13 - -15).
13
What is 0 - 1 - (3 - (-12 + 1))?
-15
Calculate (-8 - 2) + 6 + -2 + 3 - 10.
-13
What is (20 - -2) + (-113 - -98)?
7
What is the value of 1 + 2 + -13 + 5 - (-8 + 0)?
3
Calculate (1 - 0) + 13 + -8 - 6.
0
What is the value of 8 + (-16 - (-9 + -1))?
2
Evaluate -108 + 126 + (-3 - 13).
2
Calculate (39 - (40 + 22)) + 54.
31
Calculate (13 + -26 - -15) + -20.
-18
What is the value of 25 - -45 - 43 - 29?
-2
What is the value of 40 + -2 - (-1852 + 1920)?
-30
Calculate 24 + -20 - (0 + 5 - 7).
6
Evaluate -32 + (7 - 0 - -17).
-8
What is the value of 10 + 0 + -3 - (-7 - (-2 + 2))?
14
Evaluate (-34 - -19) + 16 + (5 + 1 - 2).
5
Evaluate 24 + (-6 - 14) + (2 - -7).
13
Evaluate (-265 - -239) + 3 + 18.
-5
(-2 + 8 - 11) + (-12 - -6) + -1
-12
Calculate 5 + -8 + 7 + (-12 - 2).
-10
What is (-1 - -4) + 6 + -9 + 12?
12
What is (-54 - -31) + 26 - (21 + -1)?
-17
What is (7 - (-16 - -25)) + 29?
27
What is (-5 - -19 - 10) + (-1 + 2 - 25)?
-20
1 + -29 + (-3 - (-1 + -4))
-26
What is 4 + -1 + -36 + (-22 - -26) + 3?
-26
What is the value of -59 + 59 - (1 - 8)?
7
What 